 prime factors of 514387.
19, 27073
What are the prime factors of 2259842?
2, 13, 23, 3779
List the prime factors of 442547.
7, 191, 331
List the prime factors of 280191.
3, 59, 1583
List the prime factors of 29402569.
7, 151, 27817
List the prime factors of 15950693.
11, 1450063
List the prime factors of 1569966.
2, 3, 53, 4937
List the prime factors of 43714.
2, 11, 1987
List the prime factors of 24746970.
2, 3, 5, 824899
What are the prime factors of 5378600?
2, 5, 26893
List the prime factors of 13294314.
2, 3, 11, 22381
List the prime factors of 1361675.
5, 7, 31, 251
List the prime factors of 71919.
3, 61, 131
What are the prime factors of 746738?
2, 19, 43, 457
What are the prime factors of 1090542?
2, 3, 181757
List the prime factors of 219650.
2, 5, 23, 191
What are the prime factors of 14157?
3, 11, 13
What are the prime factors of 5273168?
2, 67, 4919
List the prime factors of 1223351.
1223351
What are the prime factors of 75305?
5, 15061
List the prime factors of 28507370.
2, 5, 2850737
What are the prime factors of 5731709?
5731709
List the prime factors of 1453585.
5, 7, 17, 349
List the prime factors of 22749695.
5, 4549939
List the prime factors of 184987.
11, 67, 251
What are the prime factors of 21048797?
7, 11, 24851
What are the prime factors of 4481452?
2, 1120363
List the prime factors of 56811.
3, 29, 653
What are the prime factors of 175523?
175523
List the prime factors of 2921885.
5, 584377
What are the prime factors of 2467347?
3, 89, 9241
What are the prime factors of 6246697?
6246697
What are the prime factors of 277223?
277223
What are the prime factors of 12960613?
17, 762389
What are the prime factors of 11418614?
2, 5709307
List the prime factors of 12485535.
3, 5, 832369
List the prime factors of 6829041.
3, 421, 5407
What are the prime factors of 9530083?
9530083
List the prime factors of 54453.
3, 7, 2593
List the prime factors of 2034091.
863, 2357
List the prime factors of 30335.
5, 6067
What are the prime factors of 33110?
2, 5, 7, 11, 43
What are the prime factors of 6005499?
3, 2001833
List the prime factors of 410895.
3, 5, 23, 397
What are the prime factors of 2267353?
11, 206123
List the prime factors of 999822.
2, 3, 71, 2347
List the prime factors of 2135977.
41, 59, 883
What are the prime factors of 7617838?
2, 1049, 3631
List the prime factors of 2509523.
17, 43, 3433
List the prime factors of 3321352.
2, 19, 21851
List the prime factors of 747615.
3, 5, 11, 23, 197
List the prime factors of 35751590.
2, 5, 7, 41, 12457
List the prime factors of 409307.
397, 1031
List the prime factors of 658815.
3, 5, 167, 263
What are the prime factors of 81914?
2, 7, 5851
List the prime factors of 885224.
2, 17, 23, 283
List the prime factors of 9291225.
3, 5, 43, 67
List the prime factors of 2165010.
2, 3, 5, 72167
What are the prime factors of 149458?
2, 74729
What are the prime factors of 8436?
2, 3, 19, 37
What are the prime factors of 2072200?
2, 5, 13, 797
List the prime factors of 1217506.
2, 17, 35809
What are the prime factors of 2205185?
5, 31, 41, 347
List the prime factors of 57504.
2, 3, 599
List the prime factors of 309685.
5, 241, 257
List the prime factors of 15348479.
2777, 5527
What are the prime factors of 551999?
7, 78857
What are the prime factors of 1787707?
1787707
What are the prime factors of 226285?
5, 167, 271
What are the prime factors of 5027563?
17, 433, 683
What are the prime factors of 306549?
3, 34061
List the prime factors of 123110.
2, 5, 13, 947
List the prime factors of 67817.
73, 929
What are the prime factors of 27930365?
5, 5586073
What are the prime factors of 105320?
2, 5, 2633
What are the prime factors of 24719885?
5, 37, 47, 2843
What are the prime factors of 2345895?
3, 5, 17377
What are the prime factors of 105568?
2, 3299
List the prime factors of 33170016.
2, 3, 11, 101, 311
List the prime factors of 165158.
2, 7, 47, 251
What are the prime factors of 1015382?
2, 507691
List the prime factors of 32592203.
7, 95021
List the prime factors of 1842149.
953, 1933
List the prime factors of 428088.
2, 3, 17837
List the prime factors of 132673.
181, 733
List the prime factors of 185813.
185813
What are the prime factors of 1376872?
2, 7, 23, 1069
List the prime factors of 345855.
3, 5, 23057
List the prime factors of 21823.
139, 157
List the prime factors of 145610.
2, 5, 14561
List the prime factors of 47861.
11, 19, 229
What are the prime factors of 9141706?
2, 7, 349, 1871
What are the prime factors of 11329489?
41, 137, 2017
List the prime factors of 395360.
2, 5, 7, 353
What are the prime factors of 5914116?
2, 3, 13, 12637
List the prime factors of 285538.
2, 11, 12979
List the prime factors of 1975356.
2, 3, 37, 1483
What are the prime factors of 202543?
11, 18413
List the prime factors of 2137797.
3, 179, 1327
List the prime factors of 1302990.
2, 3, 5, 13, 257
What are the prime factors of 1758618?
2, 3, 29, 1123
List the prime factors of 6622683.
3, 2207561
What are the prime factors of 1867804?
2, 466951
List the prime factors of 1800665.
5, 149, 2417
What are the prime factors of 170024?
2, 53, 401
List the prime factors of 58038.
2, 3, 17, 569
What are the prime factors of 829061?
41, 73, 277
List the prime factors of 1886797.
11, 43, 3989
List the prime factors of 143188.
2, 35797
List the prime factors of 952451.
19, 50129
List the prime factors of 397776.
2, 3, 8287
List the prime factors of 1027531.
17, 60443
List the prime factors of 26808.
2, 3, 1117
List the prime factors of 800553.
3, 13, 1579
List the prime factors of 7516712.
2, 7, 134227
What are the prime factors of 35536?
2, 2221
List the prime factors of 60952.
2, 19, 401
List the prime factors of 1438310.
2, 5, 143831
What are the prime factors of 154342?
2, 77171
What are the prime factors of 236615?
5, 37, 1279
What are the prime factors of 665772?
2, 3, 109, 509
List the prime factors of 2492845.
5, 79, 6311
What are the prime factors of 388259?
388259
What are the prime factors of 3297062?
2, 1648531
List the prime factors of 447419.
7, 23, 397
List the prime factors of 125849.
317, 397
What are the prime factors of 184450?
2, 5, 7, 17, 31
What are the prime factors of 1661902?
2, 11, 75541
List the prime factors of 9457873.
199, 47527
List the prime factors of 4003815.
3, 5, 266921
What are the prime factors of 613034?
2, 306517
What are the prime factors of 473848?
2, 61, 971
List the prime factors of 1986660.
2, 3, 5, 13, 283
List the prime factors of 1761652.
2, 71, 6203
What are the prime factors of 156596?
2, 11, 3559
List the prime factors of 102726.
2, 3, 13, 439
List the prime factors of 185979.
3, 47, 1319
List the prime factors of 4953375.
3, 5, 7, 17, 37
List the prime factors of 1203199.
23, 52313
What are the prime factors of 616097?
17, 36241
List the prime factors of 522535.
5, 13, 8039
What are the prime factors of 2626881?
3, 875627
What are the prime factors of 311141?
29, 10729
List the prime factors of 11386499.
11386499
What are the prime factors of 138022?
2, 69011
List the prime factors of 372313.
372313
What are the prime factors of 4965827?
61, 127, 641
List the prime factors of 3633227.
13, 279479
What are the prime factors of 3565418?
2, 1782709
List the prime factors of 77091.
3, 7, 3671
What are the prime factors of 11640800?
2, 5, 14551
List the prime factors of 62795.
5, 19, 661
List the prime factors of 80735.
5, 67, 241
List the prime factors of 1390394.
2, 59, 11783
List the prime factors of 515573.
541, 953
What are the prime factors of 42517?
17, 41, 61
List the prime factors of 332429.
401, 829
What are the prime factors of 6866278?
2, 3433139
What are the prime factors of 1395337?
1395337
List the prime factors of 486277.
11, 44207
List the prime factors of 4991322.
2, 3, 7, 23, 5167
List the prime factors of 8464650.
2, 3, 5, 56431
List the prime factors of 689426.
2, 101, 3413
What are the prime factors of 368262?
2, 3, 41, 499
List the prime factors of 236781.
3, 26309
What are the prime factors of 397961?
167, 2383
List the prime factors of 235759.
281, 839
What are the prime factors of 530454?
2, 3, 211, 419
List the prime factors of 477284.
2, 119321
What are the prime factors of 54643?
53, 1031
List the prime factors of 7346439.
3, 816271